{"id":1987,"date":"2023-07-24T21:33:41","date_gmt":"2023-07-24T19:33:41","guid":{"rendered":"https:\/\/www.stoffbluete.de\/?page_id=1987"},"modified":"2023-07-24T21:33:41","modified_gmt":"2023-07-24T19:33:41","slug":"zertifizierte-stoffe","status":"publish","type":"page","link":"https:\/\/www.stoffbluete.de\/?page_id=1987","title":{"rendered":"Zertifizierte Stoffe"},"content":{"rendered":"\n<p>Ich verwende ausschlie\u00dflich \u00d6ko-Tex Standard 100 zertifizierte Stoffe.<\/p>\n\n\n\n<p>Das heisst diese Stoffe wurden auf Schadstoff-R\u00fcckst\u00e4nde gepr\u00fcft.<\/p>\n\n\n\n<p>Was bedeutet, dass die Stoffe frei von Schadstoffen sind die gesetzlich verboten oder reglementiert wurden wie Azo-Farbstoffe, Formaldehyd, Pentachlorphenol, Cadmium und Nickel.<\/p>\n\n\n\n<p>Ebenso wie gesundheitssch\u00e4dliche Chemikalien, wie Pestizide.<\/p>\n\n\n\n<p>Zudem werden die Stoffe nach hautfreundlichen pH-Werten und auf Farbechtheit getestet.<\/p>\n\n\n\n<p>Jeder meiner Stoffh\u00e4ndler konnte mir nachweisen, dass seine Stoffe zertifiziert sind.<\/p>\n\n\n\n<p><\/p>\n\n\n\n<p>Eure Stoffbl\u00fcte<\/p>\n\n\n\n<p><\/p>\n","protected":false},"excerpt":{"rendered":"<p>Ich verwende ausschlie\u00dflich \u00d6ko-Tex Standard 100 zertifizierte Stoffe. Das heisst diese Stoffe wurden auf Schadstoff-R\u00fcckst\u00e4nde gepr\u00fcft. Was bedeutet, dass die Stoffe frei von Schadstoffen sind die gesetzlich verboten oder reglementiert wurden wie Azo-Farbstoffe, Formaldehyd, Pentachlorphenol, Cadmium und Nickel. Ebenso wie gesundheitssch\u00e4dliche Chemikalien, wie Pestizide. Zudem werden die Stoffe nach hautfreundlichen pH-Werten und auf Farbechtheit getestet. [&hellip;]<\/p>\n","protected":false},"author":1,"featured_media":0,"parent":0,"menu_order":0,"comment_status":"closed","ping_status":"closed","template":"","meta":{"inline_featured_image":false,"footnotes":""},"class_list":["post-1987","page","type-page","status-publish","hentry"],"_links":{"self":[{"href":"https:\/\/www.stoffbluete.de\/index.php?rest_route=\/wp\/v2\/pages\/1987","targetHints":{"allow":["GET"]}}],"collection":[{"href":"https:\/\/www.stoffbluete.de\/index.php?rest_route=\/wp\/v2\/pages"}],"about":[{"href":"https:\/\/www.stoffbluete.de\/index.php?rest_route=\/wp\/v2\/types\/page"}],"author":[{"embeddable":true,"href":"https:\/\/www.stoffbluete.de\/index.php?rest_route=\/wp\/v2\/users\/1"}],"replies":[{"embeddable":true,"href":"https:\/\/www.stoffbluete.de\/index.php?rest_route=%2Fwp%2Fv2%2Fcomments&post=1987"}],"version-history":[{"count":1,"href":"https:\/\/www.stoffbluete.de\/index.php?rest_route=\/wp\/v2\/pages\/1987\/revisions"}],"predecessor-version":[{"id":1988,"href":"https:\/\/www.stoffbluete.de\/index.php?rest_route=\/wp\/v2\/pages\/1987\/revisions\/1988"}],"wp:attachment":[{"href":"https:\/\/www.stoffbluete.de\/index.php?rest_route=%2Fwp%2Fv2%2Fmedia&parent=1987"}],"curies":[{"name":"wp","href":"https:\/\/api.w.org\/{rel}","templated":true}]}}